or of r and 711?
79
Let q(i) = -8*i + 1. Let a be q(2). Suppose -3*f + 6 - 68 = 4*g, -2*g - 22 = f. Let v be (f/a)/(2/(-40)*-6). Calculate the highest common factor of 2 and v.
2
Let m = 49130 + -21523. What is the greatest common divisor of m and 19?
19
Let y(o) = o**3 + 12*o**2 - 2*o - 15. Let d be y(-12). Let i(h) = -9*h + 63. Let l be i(6). Calculate the greatest common divisor of l and d.
9
Let l be 24*29/((-870)/(-50)). Calculate the greatest common divisor of l and 10900.
20
Suppose 933 = g + 5*l, -19*l = 3*g - 21*l - 2918. What is the greatest common factor of g and 1144?
88
Suppose -9*x + 6*x = 4*g - 33, -4*x - 20 = 0. Let l = -6 + 16. Let h be l - ((-3)/3 + -1). What is the greatest common factor of g and h?
12
Let p(c) = -c**2 + 74*c + 5491. Let a be p(108). Calculate the greatest common divisor of 642 and a.
107
Let h = 3032 + -1752. Let v = -19907 + 19947. What is the highest common factor of h and v?
40
Let y(t) be the second derivative of 10*t**3/3 + 77*t**2/2 - 156*t. Let o be y(29). Calculate the greatest common divisor of o and 9.
9
Suppose -b = -3*d - 73, b - d = -15 + 96. Calculate the highest common divisor of 6 and b.
1
Let w = -10 + 4. Let g(i) = -i**3 - 7*i**2 - 6*i + 2. Let x be g(w). Let y be -1 + (x - 0) + -2 + 148. Calculate the highest common factor of 21 and y.
21
Suppose 5*z - 3*t = 3080, -953 = -2*z - 3*t + 279. Suppose 28*r - 902 = 666. What is the greatest common divisor of r and z?
56
Suppose -944 = -5*x - 34. Let t = 377 - 321. Calculate the highest common divisor of x and t.
14
Let k = 311 + -71. Suppose d + k = 4*d. Suppose 0 = -10*s + 14*s - d. Calculate the greatest common factor of s and 60.
20
Let z = -190 - -176. Let v be (-7)/z*-10 + 185. Calculate the highest common factor of v and 6.
6
Let z(y) = -y**3 - 27*y**2 - 185*y - 1645. Let b be z(-22). Let q be (-2 - (-32)/(-6))*-60. What is the greatest common divisor of q and b?
5
Let g = 1878 + -1851. Suppose 0 = 3*d + 5 - 2. Let a be 1/((-2)/36)*d. Calculate the highest common divisor of a and g.
9
Let t(u) = -2*u**3 - 121*u**2 - 63*u - 79. Let f be t(-60). What is the highest common factor of f and 3232?
101
Let s(g) = -g**3 + 13*g**2 - 2*g - 8. Let x be ((-45)/9)/(-10)*22/1. Let b be s(x). What is the greatest common factor of b and 265?
53
Let s be ((-4)/(-10))/(90/(-75))*-12 + 101. What is the greatest common factor of 819 and s?
21
Let u be 2/(-4)*(3 + 1 + -4). Suppose u = -51*o + 53*o - 6. Suppose -4*w - g = -137, 4*w + 23 = 5*w - 2*g. Calculate the greatest common factor of o and w.
3
Suppose 12 = -294*n + 297*n. Let m be (0 - -2)/2*n + 1. What is the greatest common divisor of m and 5?
5
Suppose -3*x - 2*x + 235 = 5*u, -2*u - 62 = -x. Let m = 80 - x. Suppose 44 = 2*g + 36. Calculate the highest common divisor of g and m.
4
Let r(f) = 35*f + 107. Let q(o) = 34*o + 113. Let z(v) = -3*q(v) + 4*r(v). Let u be z(3). Calculate the greatest common factor of u and 87.
29
Let s(p) = 4*p**2 - 2*p - 2. Let i be s(-1). Let n be 51 - (-1 + i)/((-6)/8). Calculate the greatest common divisor of 44 and n.
11
Let y be 44 - (7/(-7) + 6). Let g be (-65)/y*99/(-3). What is the greatest common divisor of 5 and g?
5
Let o(i) = -19*i**3 - 72*i**2 + i - 18. Let s be o(-5). Calculate the highest common factor of 3496 and s.
184
Let y = -1 + 1. Suppose -4*g + y*a + 54 = -2*a, -14 = -g + a. Let k be ((-8)/2)/(12 + -7) + (-29850)/(-750). What is the highest common factor of k and g?
13
Let l be (2/(-6))/((-1)/6). Let x = -239 + 463. Suppose 7*q + 9*q = x. What is the highest common divisor of l and q?
2
Let j = 3774 - 290. Calculate the greatest common divisor of j and 52.
52
Let d = -1272 - -1389. Suppose j = 7 + 2. What is the highest common factor of d and j?
9
Let q(g) = -141*g - 2549. Let i be q(-21). Calculate the highest common divisor of i and 1854.
206
Let f = 1415 + -35. What is the greatest common divisor of 60 and f?
60
Let h(w) = 2*w**3 + w**2 + 5*w + 48. Let z be h(0). Calculate the highest common divisor of z and 112.
16
Suppose 19*x = 6*x + 26. Let q be (-2 + 6)*(-1)/x. Let s be (-155)/q + (-5 - (-18)/4). What is the greatest common factor of s and 11?
11
Suppose -2*m = -5*j + 17, -m - 4*j + 40 = 4*m. Let p be ((-10)/25)/((-4)/(-240)*-2). Calculate the highest common divisor of m and p.
4
Let g = -7900 + 17041. What is the highest common factor of g and 33?
33
Let z be (-7)/((-168)/(-9)) - (-342)/16. Suppose 2*a = 3*n - 12, -2*n - z*a + 8 = -20*a. Calculate the highest common factor of 244 and n.
4
Suppose 4*y + 157 + 229 = x, -2*x - 2*y + 842 = 0. Calculate the greatest common divisor of 120 and x.
6
Let n = 528 - 447. Let g be ((-4)/(-3))/((-545)/180 + 3). Let f be -6*1*g/32. Calculate the greatest common factor of n and f.
9
Suppose 0 = -16*f + 8*f + 456. Suppose 3*p - 1370 = -o, 0 = 5*p - 3*p + 3*o - 918. What is the greatest common divisor of f and p?
57
Let s = 1061 + -1045. What is the greatest common factor of s and 1520?
16
Suppose 4*m + i - 70 = 0, 2 = 2*m + 77*i - 82*i. Calculate the greatest common factor of m and 1288.
8
Let d be ((-25)/(-15))/(-5)*0. Let c be (1 + d + -1)*(-7)/7. Suppose c = -3*x, 0 = -3*w - 2*w + 4*x + 30. Calculate the highest common factor of w and 60.
6
Suppose -23 + 75 = p. Let u be (-4 - p/(-8))*50/1. Let y = -5 + u. Calculate the highest common factor of y and 20.
20
Let g(z) = 118*z + 425. Let m be g(12). Calculate the greatest common divisor of 7 and m.
7
Suppose 67*d - 389 = 214. Let b = -280 + 541. What is the greatest common divisor of b and d?
9
Suppose -124 = -15*q + 1271. What is the highest common divisor of 7967 and q?
31
Suppose -4*t - x - 333 = -8*t, t = 3*x + 97. Suppose -2*v = -6*v + 820. Calculate the greatest common divisor of v and t.
41
Let n = 1602 - 1536. Let x(l) = 18*l**2 + 3*l - 6. Let h be x(3). Calculate the greatest common divisor of h and n.
33
Let s = -4670 - -4775. Calculate the greatest common factor of 609 and s.
21
Suppose 449*t - 67242 - 291631 = 61391. Calculate the highest common divisor of t and 1584.
72
Let f(y) = -10*y - 50. Let p be f(-5). Suppose -27*s - 121 + 1822 = p. Calculate the greatest common divisor of s and 315.
63
Suppose 89 - 74 = -5*t. Let h be (2/3)/((-2)/(-201)). Let l = t + h. What is the greatest common divisor of 4 and l?
4
Let z(d) = 68*d - 2128. Let x be z(32). What is the highest common divisor of 2076 and x?
12
Let l = 3882 - 3876. What is the greatest common divisor of l and 166?
2
Suppose -4*k - 1580 = -3*y, -52*y = -48*y + 7*k - 2045. Calculate the highest common divisor of y and 65.
65
Let h = -12473 + 12491. What is the highest common divisor of 126 and h?
18
Let z be (-14)/(-2) + (5 - 5). Let v be 24/(270/84 - 3). Calculate the highest common divisor of v and z.
7
Let c be -6 + 583 - -7 - -7. Let v = c - 375. What is the greatest common divisor of 9 and v?
9
Suppose -2*g + 12 = -o, 0 = 2*o - 19*g + 21*g - 6. Let i be (-2)/(-10)*o + (-92)/(-5). Let h be (84/10)/(2/30). What is the highest common factor of i and h?
18
Let q = -3105 - -3745. What is the highest common divisor of 10 and q?
10
Let m = 4417 + -2080. Calculate the highest common divisor of m and 114.
57
Suppose 3*k + 3*w = 7905, 0 = 17*w - 20*w - 18. Calculate the highest common factor of 57 and k.
19
Let c be (27/1)/(3/(-4)*2). Let g = 46 + c. Suppose -30 - g = -3*y - 5*i, 4*y + 2*i - 54 = 0. Calculate the greatest common factor of y and 88.
11
Suppose 8*p + 23*p + 0*p = 27125. Calculate the greatest common factor of p and 1085.
35
Let z(a) = 28 + 2*a + 17 + 30 - 60. Let f be z(3). Let q(b) = b**3 + 5*b**2 - 10*b - 10. Let p be q(-6). Calculate the highest common divisor of p and f.
7
Let t = 2015 + -1141. What is the highest common divisor of t and 190?
38
Suppose -23 = -11*o - 1. Suppose 5*g - 220 = -o*q, 0*q - 37 = -g + q. What is the highest common divisor of g and 42?
42
Let j = 32 - -24. Let h be -2*20*14161/(-595). Calculate the greatest common factor of h and j.
56
Let q be (-815)/115 + 22/253 + 23. Calculate the greatest common divisor of 1636 and q.
4
Let v(l) = -l**2 + 37*l - 29. Let u be v(36). Suppose 8 = -6*q + 2*q. Let c be q/6 + (-380)/(-6). Calculate the greatest common factor of c and u.
7
Suppose 832*y = 803*y + 1189. What is the highest common factor of y and 451?
41
